ber?
True
Is 381169/3 + 268/(-201) prime?
False
Suppose 9*y = 10*y + 5*b - 16978, 4*y = b + 67849. Is y composite?
False
Suppose 5*s - 2*s + 300 = 0. Let a be 4/(-18) - s/45. Suppose w = o - 19 - 289, -2*w = a. Is o a prime number?
True
Suppose 3543 + 2709 = 6*x. Is x prime?
False
Let d(w) = -413*w**3 + 6*w**2 + 30*w - 13. Is d(-4) a composite number?
True
Let v be 1*28 - (2 - 6). Let w = -28 + v. Is (w + -6 - 651)*-1 prime?
True
Let i be (-4)/38 - (-209692)/76. Suppose 836 = 5*f - i. Is f prime?
True
Let a(v) = 323*v**2 + v - 13. Let g(x) = -485*x**2 - 2*x + 19. Let c(m) = -7*a(m) - 5*g(m). Is c(3) composite?
False
Let v be (50/(-4))/((-17)/(-2516)). Let x = -687 - v. Is x a prime number?
True
Suppose -5*l - 2*t = -12365, 3*l + t = 5*t + 7393. Suppose 3*p = 388 + l. Is p prime?
True
Suppose 4*p = 4*u - 4376, -2*u + 4*p + 324 = -1854. Is u composite?
True
Let j(k) = -k + 9. Let c be j(3). Is c/42 + (14718/(-21))/(-1) prime?
True
Let b(h) = 30*h + 5. Let d(s) = -s**2 - 8*s - 5. Let y(f) = -2*f - 1. Let q be y(2). Let v be d(q). Is b(v) a prime number?
False
Suppose 2*y = 3*w - 54121, 5*w - 14*y - 90195 = -12*y. Is w prime?
False
Let d be 1/1*(1 - 80). Suppose -z - 77 = 219. Let g = d - z. Is g composite?
True
Let j(a) = 2*a**3 - 6*a**2 + 6*a + 2. Let w be j(5). Let l = 193 - w. Suppose s - 10 = -4*o + l, -2*o + 326 = 4*s. Is s a prime number?
True
Suppose -9*f - 1597 + 18976 = 0. Is f a prime number?
True
Let w(l) = 556*l + 29. Let s = -59 + 65. Is w(s) prime?
False
Let t = 1 + -19. Is t/(-15)*(-40)/(-16) a prime number?
True
Suppose -n - 454 = -w - 4*w, 20 = 5*w. Let d = -160 - n. Is d composite?
True
Let k(z) = 1356*z + 61. Is k(24) prime?
False
Suppose 6*p - 2*p - 9484 = 0. Is p composite?
False
Let c(w) = w**2 - 34*w + 41857. Is c(0) a composite number?
True
Let v(q) = -q**2 - q - 1. Let f(h) = -4*h**2 - 8*h - 6. Let d(a) = -5*a**2 - 7*a - 5. Let j(i) = -5*d(i) + 6*f(i). Let k(b) = j(b) + 2*v(b). Is k(-8) prime?
True
Suppose -1746 = -q + 2*c, -4*q + 3*c = c - 6984. Let g = q + -755. Is g prime?
True
Let v = -745 + 3507. Is v prime?
False
Suppose -12*k - 47893 = -267097. Is k a prime number?
False
Let c(g) = 390*g + 4. Let n be c(4). Suppose 7*j = 3*j + n. Is j prime?
False
Let i = -31 + 242. Is i a prime number?
True
Suppose 3*p = 5*m + 927, -m = 2*p - 802 + 171. Suppose 161 = c - p. Suppose -5*z = 4*v - c, 5*z - 172 = 3*z + 2*v. Is z a prime number?
False
Let a = 18137 - 12310. Let f = -3170 + a. Is f a composite number?
False
Let b be 1/(((-16)/4)/(-8)). Let n = 5 - b. Suppose -5*s + n*s = 4*l - 814, 3*l = s - 422. Is s a prime number?
False
Is 22501/3 - 16/12 prime?
True
Suppose 4455 = -m + 13748. Is m composite?
False
Let n(r) = -938*r - 17. Let s be n(-4). Suppose -2*p + 571 - s = 0. Let l = -831 - p. Is l a prime number?
True
Let a be 0*2*(-5)/20. Let g(q) = 2*q - 7. Let b be g(5). Suppose c = b*l - 445, a = -3*l - c - 2*c + 453. Is l a prime number?
True
Let l = -4 - -5. Let r(x) = 676*x**3 + 1. Let m be r(l). Suppose 5*w - 2532 = -m. Is w a prime number?
False
Let t(w) = 58*w**2 - 26*w - 157. Is t(19) prime?
True
Let a(c) = 216*c - 7. Suppose 6*v - 35 = -v. Is a(v) prime?
False
Suppose -3*m - 14 = 3*q - 2*q, -3*m = 2*q + 13. Is 1199 + 4/(m - -4) composite?
True
Suppose 0 = -2*p - 2*n - 81876 + 449656, 919480 = 5*p - n. Is p a composite number?
True
Suppose -5*t - 2*w = -4, 4*t - 8*t = 3*w - 6. Let c(m) = -5*m + 1097. Is c(t) composite?
False
Let n(k) = 3*k**2 - 19*k + 25. Let v be n(15). Suppose -f = 4*f - v. Is f a composite number?
False
Suppose -o + 7*o - 120 = 0. Suppose 0 - o = 5*d + 4*p, 2*p = d - 10. Suppose 2*x - x - 673 = d. Is x a composite number?
False
Suppose 4*d - 90 = 9*d. Let f = -13 - d. Suppose 2*r + 391 = 3*k - 0*r, f*k = -5*r + 610. Is k a prime number?
True
Is ((121530/12)/5 - 1)*2 a prime number?
True
Let b(w) = -12*w + 7. Is b(-17) composite?
False
Let h(m) = 2*m - 2. Let u be h(0). Is (1 - u)*521/3 prime?
True
Let s(d) be the second derivative of -d**7/420 + d**6/72 - d**5/40 + d**4/8 + d**3 + 8*d. Let x(q) be the second derivative of s(q). Is x(-4) prime?
True
Let m(p) = 31*p**2. Let a be (7/(-2))/(-7)*-6. Let d be ((-1)/2)/(a/(-6)). Is m(d) prime?
True
Suppose -w + 14 = 11, -3*w + 129197 = 4*h. Is h composite?
False
Suppose 0 = -d + 6626 - 2091. Is d a composite number?
True
Let w(v) = 3001*v - 21. Is w(2) composite?
False
Let a(d) = 9*d**2 + 4*d + 7. Let i be a(-3). Let h = 187 + i. Is h prime?
True
Let v = -35087 + 59556. Is v a prime number?
True
Suppose -3*d - s = s + 114, d + 4*s + 38 = 0. Suppose -2*r - 242 = 3*g, 4*r = 4*g - 3*g - 512. Let h = d - r. Is h a composite number?
False
Suppose -14*r = -12*r + 6862. Let h = 4984 + r. Is h a prime number?
True
Let v(o) = 38*o - 1. Let h be (-52)/(-4) - (4 + -1 + 0). Is v(h) a composite number?
False
Let p(a) = 4*a - 2*a**3 - 2 - 22*a**2 + a**3 + 18*a**2. Let u be p(-5). Is (u*-1)/(27/(-3573)) a prime number?
True
Let d be 352/(-33) + (-1)/3. Let h(f) = f + 8. Let s be h(d). Let j(x) = -8*x**3 - 2*x**2 + 4*x + 1. Is j(s) a composite number?
True
Let d(b) = 237*b**2 + 0*b - 7*b**3 + 1 - 239*b**2 + 0*b. Is d(-2) composite?
True
Suppose 0 = 11*g - 2 + 46. Let u(d) = 5*d**3 + 5*d**2 + 2*d + 3. Let r(o) = -6*o**3 - 5*o**2 - 2*o - 3. Let c(f) = -3*r(f) - 4*u(f). Is c(g) prime?
True
Suppose -5*s - 902 = 10253. Is ((-1)/(1/s))/(10 - 9) a composite number?
True
Let k = -12 - -42. Let v = k - 26. Suppose v*j = 1394 - 118. Is j a composite number?
True
Suppose 16*u + 2*t - 1361 = 15*u, -3*u - 5*t = -4083. Is u a prime number?
True
Let z(v) = -9*v**2 + 27 + 31*v**2 - 16*v**2 - 15*v. Is z(8) prime?
False
Is (2/1)/4*(163 + 15) a composite number?
False
Let u = -4051 + 14934. Is u a prime number?
True
Let k(o) be the first derivative of -68*o**2 - 11*o + 9. Is k(-3) composite?
False
Suppose o - 7*o - 6834 = 0. Let g(w) = -89*w**2 + 3*w + 2. Let y be g(-3). Let i = y - o. Is i prime?
True
Let a be ((-8)/(64/6))/((-1)/6344). Let q = a - 3135. Is q prime?
False
Let y = 18 - 8. Suppose 5*v + 4*f = f - 50, f - y = v. Is (-4)/v - 2006/(-10) prime?
False
Suppose 6*x = 2*x + 12. Let w(k) = -45*k - 538. Let q be w(-12). Suppose -t + q*t = 3*u + 175, -3 = -x*u. Is t a composite number?
True
Is ((-16)/(-24))/((-2)/(-240417)) prime?
False
Let v = 19447 - 8080. Is v/51 - (-4)/34 prime?
True
Let p be -4 - (7070 + -1 + 3). Let a = p - -9929. Suppose -3*x - x - 3597 = -5*m, -4*m + a = 5*x. Is m prime?
False
Suppose -8 = 3*r - 2*m, 2*r + 4*m + 2 - 18 = 0. Suppose -q + r*q + 39 = 0. Is q composite?
True
Let a be (1 + -1138)*(-4)/6. Suppose 0 = y + 2*c - 787 + 28, -a = -y - 3*c. Is y composite?
False
Let v(j) = 3 + 0*j - 2*j - 17 + 0*j. Let c be v(-7). Suppose c = 5*g - 269 - 176. Is g a prime number?
True
Let x be (-6)/(-21) + 16/(-7). Let n be (-14 - -15)/(x/(-6)). Suppose 5*g - n*b = b + 127, 3*b - 83 = -4*g. Is g a composite number?
False
Suppose -3*r + 8 + 7 = 0. Suppose -605 = r*l + 5*k, -2*k - 4 + 12 = 0. Let j = 183 + l. Is j prime?
False
Let g(h) = 8835*h**3 + h**2 - 1. Let x be g(1). Suppose 10*m = 4955 + x. Is m a prime number?
False
Let k = -56 + 56. Suppose -2*s + 6664 = 2*s + 4*i, k = s - 3*i - 1646. Is s a composite number?
True
Let u(a) = -5*a**3 + 10*a**2 - 12*a + 23. Is u(-9) a composite number?
True
Suppose 0*h + 84099 = 2*o + 5*h, 3*o = -3*h + 126144. Is o a composite number?
True
Let l(n) = 743*n**2 - 27*n + 101. Is l(3) a prime number?
False
Suppose -26 = -s - s. Let w(i) = i**3 - 13*i**2 + 17*i + 2. Is w(s) a prime number?
True
Let a(i) = 261*i**3 - 3*i + 2. Let l be a(1). Suppose -2*u - l = -6*u. Is u composite?
True
Let z be 0*(-3 + 5 + -1). Suppose 3*q - 6 = q. Suppose 3*h = -2*a + 779, z = -4*h - q*a - 2*a + 1048. Is h a composite number?
False
Let b be (-111)/(-15) + (-12)/(-20). Let f be (b/(-6))/((-6)/27). Suppose 0 = f*s - 3*s - 609. Is s a composite number?
True
Let n(p) = 51*p**2 + 54*p + 35. Is n(32) prime?
True
Let x be (-3 + (-4)/(-1))*(0 + 0). Suppose x*i - w - 3202 = -i, 5*i = -3*w + 16018. Is i a composite number?
False
Let v be 1/(-2 - (-15)/9). Let m be 109 + v + 2 + 0. Suppose -3*d + 122 = u, u + 7 - m = 4*d. Is u composite?
False
Suppose -2*v + 1952 + 842 = 0. Is v a prime number?
False
Is ((-3160150)/280)/(5/(-4)) a composite number?
False
Sup